{"id":1008,"date":"2023-09-25T15:29:54","date_gmt":"2023-09-25T15:29:54","guid":{"rendered":"http:\/\/larissa-reinelt.com\/?post_type=product&#038;p=1008"},"modified":"2023-11-09T11:48:50","modified_gmt":"2023-11-09T11:48:50","slug":"postworkout-rezepte-ebook","status":"publish","type":"product","link":"https:\/\/larissa-reinelt.com\/?product=postworkout-rezepte-ebook","title":{"rendered":"Postworkout-Rezepte eBook"},"content":{"rendered":"<p><strong>Du hast dich schon immer gefragt, was du am Besten nach dem Training essen solltest?\u00a0<\/strong><\/p>\n<p>In diesem eBook erh\u00e4ltst du nicht nur 10 au\u00dfergew\u00f6hnliche Postworkout-Rezepte, sondern auch die endg\u00fcltige Erkl\u00e4rung, WIE sich die Postworkout-Mahlzeit von deinen anderen Mahlzeiten unterscheiden sollte und vor allem WARUM.<\/p>\n<p>&nbsp;<\/p>\n","protected":false},"excerpt":{"rendered":"<p>Du hast dich schon immer gefragt, was du am Besten nach dem Training essen solltest?\u00a0 In diesem eBook erh\u00e4ltst du nicht nur 10 au\u00dfergew\u00f6hnliche Postworkout-Rezepte, sondern auch die endg\u00fcltige Erkl\u00e4rung, WIE sich die Postworkout-Mahlzeit von deinen anderen Mahlzeiten unterscheiden sollte und vor allem WARUM. &nbsp;<\/p>\n","protected":false},"featured_media":1010,"comment_status":"open","ping_status":"closed","template":"","meta":[],"product_brand":[],"product_cat":[17,15],"product_tag":[],"class_list":{"0":"post-1008","1":"product","2":"type-product","3":"status-publish","4":"has-post-thumbnail","6":"product_cat-ebooks","7":"product_cat-unkategorisiert","9":"first","10":"instock","11":"downloadable","12":"virtual","13":"taxable","14":"purchasable","15":"product-type-simple"},"jetpack_sharing_enabled":true,"_links":{"self":[{"href":"https:\/\/larissa-reinelt.com\/index.php?rest_route=\/wp\/v2\/product\/1008","targetHints":{"allow":["GET"]}}],"collection":[{"href":"https:\/\/larissa-reinelt.com\/index.php?rest_route=\/wp\/v2\/product"}],"about":[{"href":"https:\/\/larissa-reinelt.com\/index.php?rest_route=\/wp\/v2\/types\/product"}],"replies":[{"embeddable":true,"href":"https:\/\/larissa-reinelt.com\/index.php?rest_route=%2Fwp%2Fv2%2Fcomments&post=1008"}],"wp:featuredmedia":[{"embeddable":true,"href":"https:\/\/larissa-reinelt.com\/index.php?rest_route=\/wp\/v2\/media\/1010"}],"wp:attachment":[{"href":"https:\/\/larissa-reinelt.com\/index.php?rest_route=%2Fwp%2Fv2%2Fmedia&parent=1008"}],"wp:term":[{"taxonomy":"product_brand","embeddable":true,"href":"https:\/\/larissa-reinelt.com\/index.php?rest_route=%2Fwp%2Fv2%2Fproduct_brand&post=1008"},{"taxonomy":"product_cat","embeddable":true,"href":"https:\/\/larissa-reinelt.com\/index.php?rest_route=%2Fwp%2Fv2%2Fproduct_cat&post=1008"},{"taxonomy":"product_tag","embeddable":true,"href":"https:\/\/larissa-reinelt.com\/index.php?rest_route=%2Fwp%2Fv2%2Fproduct_tag&post=1008"}],"curies":[{"name":"wp","href":"https:\/\/api.w.org\/{rel}","templated":true}]}}