{"id":119,"date":"2020-04-20T18:01:32","date_gmt":"2020-04-20T18:01:32","guid":{"rendered":"http:\/\/larissa-reinelt.com\/?post_type=product&#038;p=119"},"modified":"2023-09-24T21:43:48","modified_gmt":"2023-09-24T21:43:48","slug":"larrys-sweet-kitchen-ebook","status":"publish","type":"product","link":"https:\/\/larissa-reinelt.com\/?product=larrys-sweet-kitchen-ebook","title":{"rendered":"Larrys Sweet Kitchen eBook"},"content":{"rendered":"<p>Durch jahrelange Wettkampfdi\u00e4ten habe ich mir ein unglaublich gro\u00dfes Repertoire an gesunden und einfachen Rezepten einfallen lassen. Mein Ziel war es, Rezepte zu kreieren, bei denen der unwissende Anti-Di\u00e4tler keinen Unterschied zur Kalorienbombenversion bemerkt.<\/p>\n<p>Von Low-Carb, \u00fcber Low-Fat, bishin zu Low Calorie ist in dieser ersten s\u00fc\u00dfen Rezeptsammlung alles dabei.<\/p>\n","protected":false},"excerpt":{"rendered":"<p>Durch jahrelange Wettkampfdi\u00e4ten habe ich mir ein unglaublich gro\u00dfes Repertoire an gesunden und einfachen Rezepten einfallen lassen. Mein Ziel war es, Rezepte zu kreieren, bei denen der unwissende Anti-Di\u00e4tler keinen Unterschied zur Kalorienbombenversion bemerkt. Von Low-Carb, \u00fcber Low-Fat, bishin zu Low Calorie ist in dieser ersten s\u00fc\u00dfen Rezeptsammlung alles dabei.<\/p>\n","protected":false},"featured_media":204,"comment_status":"open","ping_status":"closed","template":"","meta":[],"product_brand":[],"product_cat":[17],"product_tag":[],"class_list":{"0":"post-119","1":"product","2":"type-product","3":"status-publish","4":"has-post-thumbnail","6":"product_cat-ebooks","8":"first","9":"instock","10":"downloadable","11":"virtual","12":"taxable","13":"purchasable","14":"product-type-simple"},"jetpack_sharing_enabled":true,"_links":{"self":[{"href":"https:\/\/larissa-reinelt.com\/index.php?rest_route=\/wp\/v2\/product\/119","targetHints":{"allow":["GET"]}}],"collection":[{"href":"https:\/\/larissa-reinelt.com\/index.php?rest_route=\/wp\/v2\/product"}],"about":[{"href":"https:\/\/larissa-reinelt.com\/index.php?rest_route=\/wp\/v2\/types\/product"}],"replies":[{"embeddable":true,"href":"https:\/\/larissa-reinelt.com\/index.php?rest_route=%2Fwp%2Fv2%2Fcomments&post=119"}],"wp:featuredmedia":[{"embeddable":true,"href":"https:\/\/larissa-reinelt.com\/index.php?rest_route=\/wp\/v2\/media\/204"}],"wp:attachment":[{"href":"https:\/\/larissa-reinelt.com\/index.php?rest_route=%2Fwp%2Fv2%2Fmedia&parent=119"}],"wp:term":[{"taxonomy":"product_brand","embeddable":true,"href":"https:\/\/larissa-reinelt.com\/index.php?rest_route=%2Fwp%2Fv2%2Fproduct_brand&post=119"},{"taxonomy":"product_cat","embeddable":true,"href":"https:\/\/larissa-reinelt.com\/index.php?rest_route=%2Fwp%2Fv2%2Fproduct_cat&post=119"},{"taxonomy":"product_tag","embeddable":true,"href":"https:\/\/larissa-reinelt.com\/index.php?rest_route=%2Fwp%2Fv2%2Fproduct_tag&post=119"}],"curies":[{"name":"wp","href":"https:\/\/api.w.org\/{rel}","templated":true}]}}