{"id":1596,"date":"2025-01-12T18:49:04","date_gmt":"2025-01-12T18:49:04","guid":{"rendered":"http:\/\/larissa-reinelt.com\/?post_type=product&#038;p=1596"},"modified":"2025-01-12T20:21:31","modified_gmt":"2025-01-12T20:21:31","slug":"leaky-gut-detox-ebook","status":"publish","type":"product","link":"https:\/\/larissa-reinelt.com\/?product=leaky-gut-detox-ebook","title":{"rendered":"Leaky Gut Detox eBook"},"content":{"rendered":"<h2>Inhalt<\/h2>\n<p>Der sog. &#8222;Leaky Gut&#8220; (=durchl\u00e4ssiger Darm) ist in der heutigen Zeit weit verbreitet. Er verursacht Probleme wie Bl\u00e4hungen, Durchf\u00e4lle, Verstopfungen, Unvertr\u00e4glichkeiten, eine hohe Infektanf\u00e4lligkeit, einen hohen Blutzucker&#8230; und vieles mehr.<\/p>\n<p>In diesem eBook erf\u00e4hrst du, was ein Leakey Gut \u00fcberhaupt ist\/wie er entsteht, wie man ihn diagnostiziert und am wichtigsten: wie man ihn wieder los wird.<\/p>\n<p><strong>Bedenke, dass dieses Werk urheberrechtlich gesch\u00fctzt ist. Eine Verbreitung des eBooks und damit geistigem Eigentums, ist nur mit ausdr\u00fccklichem Einverst\u00e4ndnis der Autorin Larissa Reinelt gestattet. Jeder Versto\u00df wird unverz\u00fcglich zur Anzeige gebracht.\u00a0<\/strong><\/p>\n<p>&nbsp;<\/p>\n","protected":false},"excerpt":{"rendered":"<p>Inhalt Der sog. &#8222;Leaky Gut&#8220; (=durchl\u00e4ssiger Darm) ist in der heutigen Zeit weit verbreitet. Er verursacht Probleme wie Bl\u00e4hungen, Durchf\u00e4lle, Verstopfungen, Unvertr\u00e4glichkeiten, eine hohe Infektanf\u00e4lligkeit, einen hohen Blutzucker&#8230; und vieles mehr. In diesem eBook erf\u00e4hrst du, was ein Leakey Gut \u00fcberhaupt ist\/wie er entsteht, wie man ihn diagnostiziert und am wichtigsten: wie man ihn wieder &hellip; <\/p>\n","protected":false},"featured_media":1597,"comment_status":"open","ping_status":"closed","template":"","meta":[],"product_brand":[],"product_cat":[17],"product_tag":[],"class_list":{"0":"post-1596","1":"product","2":"type-product","3":"status-publish","4":"has-post-thumbnail","6":"product_cat-ebooks","8":"first","9":"instock","10":"downloadable","11":"virtual","12":"taxable","13":"purchasable","14":"product-type-simple"},"jetpack_sharing_enabled":true,"_links":{"self":[{"href":"https:\/\/larissa-reinelt.com\/index.php?rest_route=\/wp\/v2\/product\/1596","targetHints":{"allow":["GET"]}}],"collection":[{"href":"https:\/\/larissa-reinelt.com\/index.php?rest_route=\/wp\/v2\/product"}],"about":[{"href":"https:\/\/larissa-reinelt.com\/index.php?rest_route=\/wp\/v2\/types\/product"}],"replies":[{"embeddable":true,"href":"https:\/\/larissa-reinelt.com\/index.php?rest_route=%2Fwp%2Fv2%2Fcomments&post=1596"}],"wp:featuredmedia":[{"embeddable":true,"href":"https:\/\/larissa-reinelt.com\/index.php?rest_route=\/wp\/v2\/media\/1597"}],"wp:attachment":[{"href":"https:\/\/larissa-reinelt.com\/index.php?rest_route=%2Fwp%2Fv2%2Fmedia&parent=1596"}],"wp:term":[{"taxonomy":"product_brand","embeddable":true,"href":"https:\/\/larissa-reinelt.com\/index.php?rest_route=%2Fwp%2Fv2%2Fproduct_brand&post=1596"},{"taxonomy":"product_cat","embeddable":true,"href":"https:\/\/larissa-reinelt.com\/index.php?rest_route=%2Fwp%2Fv2%2Fproduct_cat&post=1596"},{"taxonomy":"product_tag","embeddable":true,"href":"https:\/\/larissa-reinelt.com\/index.php?rest_route=%2Fwp%2Fv2%2Fproduct_tag&post=1596"}],"curies":[{"name":"wp","href":"https:\/\/api.w.org\/{rel}","templated":true}]}}