{"id":1643,"date":"2025-02-05T00:10:09","date_gmt":"2025-02-05T00:10:09","guid":{"rendered":"http:\/\/larissa-reinelt.com\/?post_type=product&#038;p=1643"},"modified":"2026-02-15T12:34:44","modified_gmt":"2026-02-15T12:34:44","slug":"fenrir-wintermuetze","status":"publish","type":"product","link":"https:\/\/larissa-reinelt.com\/?product=fenrir-wintermuetze","title":{"rendered":"&#8222;FENRIR&#8220; Winterm\u00fctze"},"content":{"rendered":"<p><strong>FENRIR \u2013 Die M\u00fctze f\u00fcr wahre St\u00e4rke und Freiheit<\/strong><\/p>\n<p><strong>Entwickelt von der Community f\u00fcr die Community<\/strong>, ist die <strong>URUZ FENRIR M\u00fctze<\/strong> genau das, was du an kalten Tagen brauchst.<\/p>\n<p>Die <strong>URUZ FENRIR M\u00fctze<\/strong> verk\u00f6rpert die <strong>Kraft und Freiheit<\/strong> des legend\u00e4ren Wolfs aus der nordischen Mythologie.<\/p>\n<p><strong>&#x2714; 100% Acryl f\u00fcr optimale W\u00e4rme<\/strong><br \/>\n<strong>&#x2714; Formbest\u00e4ndig und pflegeleicht<\/strong><br \/>\n<strong>&#x2714; Einheitsgr\u00f6\u00dfe, dehnbar und bequem<\/strong><br \/>\n<strong>&#x2714; Zeitloses Design in Khaki\/Olive<\/strong><\/p>\n<p><strong>St\u00e4rke und Komfort vereint<\/strong><br \/>\nDiese M\u00fctze ist leicht, warm und passt sich dank ihrer dehnbaren Qualit\u00e4t perfekt an jede Kopfform an. Egal, ob in der Stadt oder drau\u00dfen in der Natur \u2013 <strong>FENRIR<\/strong> ist dein Symbol f\u00fcr <strong>ungez\u00fcgelte Freiheit<\/strong> und begleitet dich \u00fcberall hin.<\/p>\n<p><strong>Hol dir jetzt die URUZ FENRIR M\u00fctze und bleibe stark \u2013 egal, wie kalt es wird!<\/strong><\/p>\n<p>&nbsp;<\/p>\n","protected":false},"excerpt":{"rendered":"<p>FENRIR \u2013 Die M\u00fctze f\u00fcr wahre St\u00e4rke und Freiheit Entwickelt von der Community f\u00fcr die Community, ist die URUZ FENRIR M\u00fctze genau das, was du an kalten Tagen brauchst. Die URUZ FENRIR M\u00fctze verk\u00f6rpert die Kraft und Freiheit des legend\u00e4ren Wolfs aus der nordischen Mythologie. &#x2714; 100% Acryl f\u00fcr optimale W\u00e4rme &#x2714; Formbest\u00e4ndig und pflegeleicht &hellip; <\/p>\n","protected":false},"featured_media":1644,"comment_status":"open","ping_status":"closed","template":"","meta":[],"product_brand":[],"product_cat":[45],"product_tag":[],"class_list":{"0":"post-1643","1":"product","2":"type-product","3":"status-publish","4":"has-post-thumbnail","6":"product_cat-uruz","8":"first","9":"instock","10":"taxable","11":"shipping-taxable","12":"purchasable","13":"product-type-simple"},"jetpack_sharing_enabled":true,"_links":{"self":[{"href":"https:\/\/larissa-reinelt.com\/index.php?rest_route=\/wp\/v2\/product\/1643","targetHints":{"allow":["GET"]}}],"collection":[{"href":"https:\/\/larissa-reinelt.com\/index.php?rest_route=\/wp\/v2\/product"}],"about":[{"href":"https:\/\/larissa-reinelt.com\/index.php?rest_route=\/wp\/v2\/types\/product"}],"replies":[{"embeddable":true,"href":"https:\/\/larissa-reinelt.com\/index.php?rest_route=%2Fwp%2Fv2%2Fcomments&post=1643"}],"wp:featuredmedia":[{"embeddable":true,"href":"https:\/\/larissa-reinelt.com\/index.php?rest_route=\/wp\/v2\/media\/1644"}],"wp:attachment":[{"href":"https:\/\/larissa-reinelt.com\/index.php?rest_route=%2Fwp%2Fv2%2Fmedia&parent=1643"}],"wp:term":[{"taxonomy":"product_brand","embeddable":true,"href":"https:\/\/larissa-reinelt.com\/index.php?rest_route=%2Fwp%2Fv2%2Fproduct_brand&post=1643"},{"taxonomy":"product_cat","embeddable":true,"href":"https:\/\/larissa-reinelt.com\/index.php?rest_route=%2Fwp%2Fv2%2Fproduct_cat&post=1643"},{"taxonomy":"product_tag","embeddable":true,"href":"https:\/\/larissa-reinelt.com\/index.php?rest_route=%2Fwp%2Fv2%2Fproduct_tag&post=1643"}],"curies":[{"name":"wp","href":"https:\/\/api.w.org\/{rel}","templated":true}]}}