{"id":267,"date":"2021-03-25T14:59:52","date_gmt":"2021-03-25T14:59:52","guid":{"rendered":"http:\/\/larissa-reinelt.com\/?post_type=product&#038;p=267"},"modified":"2022-07-01T14:15:52","modified_gmt":"2022-07-01T14:15:52","slug":"lzt-i","status":"publish","type":"product","link":"https:\/\/larissa-reinelt.com\/?product=lzt-i","title":{"rendered":"LZT I Women GYM"},"content":{"rendered":"<p>Dieses LZT 1 &#8211; Format ist<\/p>\n<ul>\n<li>f\u00fcrs <strong>Fitnessstudio<\/strong><\/li>\n<li>speziell f\u00fcr <strong>Frauen<\/strong><\/li>\n<li>ein 4er-Split (2x Beine + Pull + Push)<\/li>\n<li><strong>nicht<\/strong> f\u00fcr absolute Einsteiger geeignet<\/li>\n<li>im <strong>Excel<\/strong>-Fomat<\/li>\n<li>im besten Fall per PC herunterzuladen<\/li>\n<li>f\u00fcr insgesamt <strong>40 Trainingseinheiten<\/strong> ausgelegt<\/li>\n<li>verdammt hart ABER verdammt effektiv \ud83d\ude1b<\/li>\n<\/ul>\n","protected":false},"excerpt":{"rendered":"<p>Dieses LZT 1 &#8211; Format ist f\u00fcrs Fitnessstudio speziell f\u00fcr Frauen ein 4er-Split (2x Beine + Pull + Push) nicht f\u00fcr absolute Einsteiger geeignet im Excel-Fomat im besten Fall per PC herunterzuladen f\u00fcr insgesamt 40 Trainingseinheiten ausgelegt verdammt hart ABER verdammt effektiv \ud83d\ude1b<\/p>\n","protected":false},"featured_media":450,"comment_status":"open","ping_status":"closed","template":"","meta":[],"product_brand":[],"product_cat":[36],"product_tag":[],"class_list":{"0":"post-267","1":"product","2":"type-product","3":"status-publish","4":"has-post-thumbnail","6":"product_cat-trainingsplaene","8":"first","9":"instock","10":"downloadable","11":"virtual","12":"taxable","13":"purchasable","14":"product-type-simple"},"jetpack_sharing_enabled":true,"_links":{"self":[{"href":"https:\/\/larissa-reinelt.com\/index.php?rest_route=\/wp\/v2\/product\/267","targetHints":{"allow":["GET"]}}],"collection":[{"href":"https:\/\/larissa-reinelt.com\/index.php?rest_route=\/wp\/v2\/product"}],"about":[{"href":"https:\/\/larissa-reinelt.com\/index.php?rest_route=\/wp\/v2\/types\/product"}],"replies":[{"embeddable":true,"href":"https:\/\/larissa-reinelt.com\/index.php?rest_route=%2Fwp%2Fv2%2Fcomments&post=267"}],"wp:featuredmedia":[{"embeddable":true,"href":"https:\/\/larissa-reinelt.com\/index.php?rest_route=\/wp\/v2\/media\/450"}],"wp:attachment":[{"href":"https:\/\/larissa-reinelt.com\/index.php?rest_route=%2Fwp%2Fv2%2Fmedia&parent=267"}],"wp:term":[{"taxonomy":"product_brand","embeddable":true,"href":"https:\/\/larissa-reinelt.com\/index.php?rest_route=%2Fwp%2Fv2%2Fproduct_brand&post=267"},{"taxonomy":"product_cat","embeddable":true,"href":"https:\/\/larissa-reinelt.com\/index.php?rest_route=%2Fwp%2Fv2%2Fproduct_cat&post=267"},{"taxonomy":"product_tag","embeddable":true,"href":"https:\/\/larissa-reinelt.com\/index.php?rest_route=%2Fwp%2Fv2%2Fproduct_tag&post=267"}],"curies":[{"name":"wp","href":"https:\/\/api.w.org\/{rel}","templated":true}]}}